
What is the value of 2 + -74 - (-19 - -30 - 21) - (4 - 1)?
-65
What is (27 - 12 - -36) + -16?
35
What is 37 + -52 + (7 - -94)?
86
What is (-77 - -11) + 73 - ((3 - 6) + 2)?
8
Calculate 1 - (0 - (9 + -6)) - (-25 + 21 + 17).
-9
Calculate -16 + -145 + 83 + 22.
-56
-7 + -5 + 17 - (-4 - -17)
-8
-1 + 0 + (-72 - 2) - ((32 - -57) + -99)
-65
(-4 - -85) + -4999 + 4897
-21
Evaluate -782 + 797 + (9 - (1 - 8)).
31
Calculate 0 + 69 + -8943 + 8856.
-18
What is -1125 + 1155 + (0 - (-18 + 0))?
48
What is the value of -19 + (8 - -41) - -12?
42
Evaluate (-14 + -7 - -42) + -23.
-2
Evaluate -127 + 127 - 67 - (7 + (0 - 3)).
-71
-36 - (-35 - (9 + 12))
20
What is (30 + 3 - 20) + 0 + 7?
20
What is -2 + (7 + -2 - -83) + 3 + 16 + -5?
100
-48 + (51 - 21) + -52
-70
What is the value of 11 + (12 + -11 - (-18 - 6))?
36
Evaluate 31 - (-62 + 40 - -64).
-11
Evaluate -18 + (10 - 1) + 1 - -18.
10
Evaluate (-84 - (47 - (58 + -56))) + (-5 - 0).
-134
Calculate 0 - -103 - ((6 - 73 - -49) + 23).
98
What is (517 - 511) + (-2 + -14 - (3 - (2 - 2)))?
-13
(0 - -1) + (126 - 130) + -2 - (90 - 72)
-23
5 + -6 - ((-7 - (-13 + -11) - 5) + 2)
-15
What is the value of (21 + -6 - (-3 + 9)) + 2 + -5 + 12?
18
What is -29 - (87 + -126) - 8?
2
What is the value of -13 + (54 - 23) + -23 + 34 + 1?
30
Calculate 92 + (-3 - 56) + 3.
36
Evaluate -7 - 1 - (-834 - -833).
-7
-5 - -8 - -36 - (3 - (-3 + 15 + -3))
45
Evaluate -18 + -24 + 56 - (9 + -6 + 32).
-21
What is the value of (-35 - (32 - -1)) + 26 - -13?
-29
38 - (9 + (24 - (11 - 9)))
7
Evaluate -39 + -57 + 40 + 48 - 37.
-45
-1 + -35 + 9 + 37 - -38
48
What is the value of 130 - (-134 - (-20 + -161))?
83
Calculate 104 - (-235 + 236 + 0 + (4 - (2 + 0))).
101
Evaluate 0 + 0 + 3 + 4 - 13 - 7.
-13
Evaluate (92 + -52 - -18) + -42.
16
Evaluate (-3 - 14 - (-2 - 0)) + (5023 - 4985).
23
7 + (45 - -1) + (33 - 43) + 3
46
Evaluate -2 + (10 - (11 + 14 + -1 + -32)) + 11.
27
What is the value of (19 - (20 - -24)) + 10 + 5 + -1 + -3?
-14
What is (477 - 487) + (3 - (-2 - 0)) - (2 - 12)?
5
What is -79 + 81 + (6 - -2) - -13?
23
What is the value of (-2 + 102 - 75) + -13 + -1 + -9?
2
What is the value of -1 - (-2 - 1) - ((3733 - 3770) + 1 + 98)?
-60
35 - (-1 - (-11 + 34) - -32)
27
What is 26 + 120 + -87 + 32?
91
What is the value of -45 + -9 + 4 + (-24 - -7 - (-7 - 10))?
-50
-49 + (-2 - -1) - ((24 - 15 - 48) + 28)
-39
Evaluate (54 - (37 - 16)) + (4 + -5 - 7).
25
(-8 - -7 - -18) + (-2 - -2)
17
Evaluate -10 + (3 + 97 - (9 - (-31 + 42))).
92
What is the value of -138 + 167 - (63 - (-7 - -6))?
-35
What is the value of (41 - -39) + -86 + (-13 - 0)?
-19
Calculate (-596 - -629) + (-10 - (4 + -6 - -4)).
21
11 + (33 + 0 + 2 + -1 - (-889 + 888))
46
Evaluate 84 - (24 - 0 - 17 - -18 - 15).
74
What is -2 + 13 + 0 + (8 - -21 - 19 - -75)?
96
What is (-3 - (-27 + 25 - 10)) + (0 - -3)?
12
What is the value of 2 + 7 - 16 - (-2 + -4 + (-4 - -5))?
-2
What is the value of 6 + (-21 - ((-13 - 3 - -25) + 7))?
-31
(-10 - (-2 + 23 + -20 - 6)) + 87
82
(2 - (15 + 3)) + 5 + -55 + 1
-65
Calculate (-4 - (47 - 6)) + 13.
-32
Calculate -1 - ((-115 - -13) + 30) - 13.
58
What is the value of (16233 - 16111) + -1 + -54?
67
What is 206 - 173 - (-18 + 5)?
46
-27 + 62 - (-6 + 30 + 6) - (-85 + 1)
89
Calculate -16 + 2 + -63 - (-3 + -16 + 6) - 3.
-67
Evaluate 0 + -19 + (-43 - -29 - -24) + 31.
22
Calculate -44 + -1 + -2 - (-24 + (66 - 55)).
-34
Calculate (-24 - 12) + 19 + 2 + (-4 - 20).
-39
(0 - 67) + -3000 + 3123
56
2 + 17 + (1 - -25) + -46
-1
Calculate (0 - 1) + -78 + -2101 + 2130.
-50
Evaluate -23 - (0 + -43 + 761 + -783).
42
What is 37 + -81 - 6 - -79?
29
What is the value of (1 - -2) + -9 + 15 + (6 - -31)?
46
What is the value of (5 - -1) + 17 + -17 + -7 + 0 + 75?
74
Calculate 148 + -59 - (-3 - -68).
24
Calculate 10 - (9 + -1 + -7) - (-12 + -21).
42
What is the value of -20 + 34 + (-3 - 1 - 13)?
-3
What is (-1 - (84 + -1 - (-83 - -72)) - 14) + -10?
-119
32 + 17 + -60 + -39
-50
Evaluate 12 - (14 - (40 - (30 + -14)) - 5).
27
Evaluate 333 + -58 + -87 - 103.
85
-59 + 22 + 11 - -8
-18
-1 - (-20 + -44 - -13)
50
What is -31 + 1 + (4212 - 4278)?
-96
What is the value of 1 - (72 + -75 + -9 + -6)?
19
Evaluate 119 - (68 - (-102 - -87)).
36
What is the value of -170 - (-245 - -98) - (0 + -57)?
34
14 + (-36 - 21) - -134
91
Evaluate 40 + (-29 - -15) + -13 + (4 - 34).
-17
(49 - (24 + (107 - 62))) + (-1 - (-1 - -9))
-29
24 + -54 - 15 - -84
39
-57 + (40 - 72) + 199
110
(16 - 4) + (9 - (-7 + 25 - 20))
23
Calculate -14 - ((28 - 23) + (1 - 31)).
11
What is -3 - (2 + (3 - 14)) - -37?
43
Calculate (-4 - -1 - -21) + 810 + -836.
-8
Evaluate 15 - 22 - (4 - 0) - (287 + -229).
-69
What is the value of 8 + (30 - -6) + (-7 - -20) + -15?
42
-10 + (0 - -21 - (-374 - -388)) + (10 - -1)
8
Evaluate 40 + (22 + (7 - 10) - 8 - 10).
41
What is the value of 1 - (-43 + (-17 + 30 + -5 - 1))?
37
What is the value of (-63 - -60) + 16 + (4 - -1)?
18
What is (-12 + 26 - 21) + (-7 + 17 + -5 - 0)?
-2
What is 36 + -6 + 108 - 116?
22
Calculate (275 - 202 - (9 - (3 + 2))) + 1.
70
Calculate (12 + -6 - (180 - 176)) + (-66 - 0).
-64
Evaluate 1 + (-5 - -2) + (-72 - -69) - -19.
14
Evaluate -79 + 112 + -87 + 26.
-28
Calculate -11 + (-3 - (-32 + 1)) + 97.
114
((11 - 50) + 31 - 43) + 31
-20
-5 + (20 - (-6 + 9)) - 15 - 56
-59
What is -16 + 56 + -43 + -40?
-43
Evaluate 12 - (-5 - (-10 + 18)).
25
What is the value of -22 - (-24 - -2) - (2 + 19)?
-21
20 + -91 + -9 + 16 + 0 + -20
-84
Evaluate -13 + (25 - 4 - 9) + -7 - -15.
7
Evaluate -94 - -146 - 51 - -49.
50
Evaluate 6 + (5 - 26) + 7 + -41 + 23.
-26
Evaluate (-16 - 0 - (-4 + 4) - (379 - 389)) + -18.
-24
What is -103 + (1 - ((-61 - -63) + 0 + -14 - -1))?
-91
What is the value of (22 - 24) + (-26 - -64)?
36
Calculate (-15 + 26 - 17) + 2 + -44 + -4.
-52
What is the value of (34 - -9 - -24 - 24) + (-3 - -10)?
50
Calculate (-14 - -14 - 5) + 0 + 12 - (0 - -55).
-48
What is -46 + 18 - (-164 + 61)?
75
Evaluate 13 + 1 - (3 + 0 + -1 - -44).
-32
(21 - (16 - (-7 - (-28 - -13)))) + (0 - -2)
15
Calculate -203 - -103 - (4 - (2 + 6 + -6)).
-102
Evaluate (32 + -1 - -1) + (4392 - 4382).
42
What is the value of (-48 + -11 - -45) + 68?
54
What is the value of 82 - (32 + -45 + 43)?
52
Evaluate (29 - (39 + 4)) + 4 + (11 - 1).
0
Calculate (2 - 9) + -31 + (3 - -14).
-21
-115 + (114 - (75 - 24))
-52
Calculate 43 - (314 - 75 - 124).
-72
Evaluate (-25 - -16) + (0 - -5) + 12 + -10 + 5.
3
-77 - -97 - 13 - (-45 + -11)
63
Calculate -33 + 27 - (-100 - -52).
42
-119 - ((-212 - -96) + 78)
-81
Calculate -14 - (-1 - (-22 - ((37 - -16) + 14))).
-102
Calculate 13 + -17 - -58 - (-13 - -15).
52
What is 0 + -60 - (6 - (-63 - -55 - (0 + -9)))?
-65
-1 + 89 + -88 + (1 - (1 + -1)) + 18
19
What is -63 + (4 + 34 - 29) - 41?
-95
-118 - (-4 + (-67 - -28))
-75
What is -11 + 20 + (-21 - -33) + -15?
6
(-4 - -21) + (10 - 17) - (-112 + 107)
15
What is -43 + (12 - 14 - -21) - (64 + 16)?
-104
Evaluate 0 + 23 + (772 - 769) + 23.
49
What is the value of (6 - -2) + (28 + 0 + 12 - 2)?
46
What is the value of 2 - (-8922 + 8903 + (1 + 9 - 1))?
12
Evaluate -91 - (-1 + -9 + (-22 - -2) + 33).
-94
Calculate (-11 - (-2 + 0)) + (-102 - (26 + -99)).
-38
116 - (27 - -33) - 84
-28
Calculate (-1 - 1) + 58 + (-619 - -591) + -1 + 24.
51
Calculate (-55 + 35 - 63) + 15.
-68
Evaluate -20 + 36 + -12 - (57 - (-12 + 4)).
-61
-19 - (-25 + -3 - 13)
22
Calculate 34 + -65 + 13 + -6 + 102.
78
What is 1 + 48 - (1069 - 961)?
-59
Calculate 44 + (-48 - (-22 + 12 + -2)).
8
What is the value of (61 - 25) + -47 + -26?
-37
What is (225 - 227) + -9 + 0 + 1 - (14 + -7)?
-17
Evaluate -494 - -456 - (10 + -11 - 36).
-1
Evaluate -121 + 18 + 1 + (-496 - -487) - -8.
-103
What is 0 + 5 - 16 - (-1 + -59 - (-53 + 28))?
24
Calculate 14 - ((-15 - -10) + 18 - -81) - 11.
-91
What is the value of 27 + (-36 - (7 + -26))?
10
Calculate 7 - (-7 + -1 - -6 - -22).
-13
9 - (-84 + (-121 - -209) - (-56 + -2 + 0))
-53
Evaluate 0 + 24 + (-11 + -1 + 36 - 17).
31
What is the value of (-1 + 0 - -9) + -22 - -37?
23
What is 26 - (-3 + (104 - -47) + -39)?
-83
What is the value of 5 + (14 - -73) + (-16 - -7 - (-9 + 0))?
92
Calculate -12 + 21 - (-62 + 64 - (40 - 2)).
45
Calculate -33 + (17 - (-20 - -4) - -32).
32
What is the value of -33 + (-4 - -139 - 20) - (0 - -23)?
59
Calculate -29 + (-40 - (-46 + -12) - 52).
-63
-16 - (-47 - -7 - -9)
15
Wha